02
In base 7, what is 551314 - 6?
551305
In base 5, what is 121414 + -11100?
110314
In base 12, what is -3b7 + -35?
-430
In base 15, what is -ca3 - -10?
-c93
In base 4, what is -1022113110 - 1?
-1022113111
In base 8, what is 1456 + -2113?
-435
In base 7, what is 1 - -6256106?
6256110
In base 12, what is -1 - -563?
562
In base 16, what is 76d - -7ae?
f1b
In base 13, what is 7a52 + a7?
7b29
In base 7, what is -365052 + 5?
-365044
In base 10, what is -30 + -55089?
-55119
In base 3, what is 1002 - -220201?
221210
In base 12, what is -2 - 27277?
-27279
In base 7, what is 244140 - -2?
244142
In base 5, what is -2432 - 200?
-3132
In base 6, what is 1 - 21531131?
-21531130
In base 9, what is 418 - -62?
481
In base 3, what is 11101021 + 100?
11101121
In base 4, what is -3110 - -223?
-2221
In base 13, what is -1b + 21803?
217b5
In base 3, what is -202212201 + 12?
-202212112
In base 15, what is -ec3 + 1b?
-ea7
In base 11, what is -285a5 + 5?
-285a0
In base 3, what is 1221022 + -1200?
1212122
In base 16, what is 34 - -665a?
668e
In base 11, what is 1259 + 1156?
2404
In base 4, what is -10013 + -312312?
-322331
In base 2, what is 100111010000 + 10011111011?
111011001011
In base 15, what is 1 + -12962?
-12961
In base 14, what is -724 + -12c?
-852
In base 12, what is 29 - -b31?
b5a
In base 11, what is -62818 + 7?
-62811
In base 9, what is 154 - 22?
132
In base 15, what is e - -c2?
d1
In base 2, what is 11010001000001 - -11010111?
11010100011000
In base 15, what is -29c7 + -3?
-29ca
In base 6, what is 220 + 11144?
11404
In base 2, what is -1 + -1001001010000?
-1001001010001
In base 9, what is 717 - -5375?
6203
In base 4, what is 1011232 + 232?
1012130
In base 13, what is 4 - -25c7?
25cb
In base 12, what is 30a + 2017?
2325
In base 6, what is -252 + 13332?
13040
In base 9, what is 528 - -638?
1267
In base 8, what is -22 + 0?
-22
In base 3, what is -10221011222 + 12?
-10221011210
In base 15, what is -8a92 + -1b?
-8aad
In base 7, what is -23 - 11631?
-11654
In base 12, what is 1 + -17430?
-1742b
In base 9, what is -1826 - 125?
-2052
In base 5, what is 100 - 2014312?
-2014212
In base 15, what is 234a4 + -21?
23483
In base 8, what is 6474 - -163?
6657
In base 5, what is -33 + 13041?
13003
In base 8, what is 1 - -4052251?
4052252
In base 3, what is 21 + 20012001110?
20012001201
In base 9, what is 82 + -1882?
-1800
In base 6, what is -1013 + 114245?
113232
In base 3, what is -2 - 101210210022?
-101210210101
In base 13, what is -8acc - 12?
-8b11
In base 13, what is -10930 - 2?
-10932
In base 6, what is 121510 + -204?
121302
In base 7, what is -15 + 155003?
154655
In base 3, what is -111121221021 + -21?
-111121221112
In base 10, what is 25392 + 1?
25393
In base 11, what is 2 + a19404?
a19406
In base 12, what is a9 - 3299?
-31b0
In base 4, what is -11 + 120302030?
120302013
In base 7, what is -4 - 43042?
-43046
In base 4, what is 0 - 301331?
-301331
In base 6, what is 55551 - 13?
55534
In base 16, what is -acb + 50?
-a7b
In base 6, what is -3 + 345043?
345040
In base 6, what is 44 - 3312?
-3224
In base 11, what is -72 - -97?
25
In base 11, what is -5a160a - 2?
-5a1611
In base 8, what is -46 - -1513?
1445
In base 8, what is 7 - -35153?
35162
In base 6, what is 113332440 + -3?
113332433
In base 15, what is -173b - -10?
-172b
In base 9, what is -68 + 345?
266
In base 14, what is -481 - -4c1?
40
In base 11, what is -1 - -39?
38
In base 9, what is 174 - 3673?
-3488
In base 11, what is -6 + -25a660?
-25a666
In base 9, what is 8 + 2883?
3002
In base 7, what is 1 + 11532?
11533
In base 6, what is -431102 - -135?
-430523
In base 2, what is 1011000111 + 1001010110?
10100011101
In base 12, what is 6b00 + 7?
6b07
In base 7, what is -6651225 + 1?
-6651224
In base 11, what is -2 + 74656?
74654
In base 13, what is -5c5 - -5?
-5c0
In base 15, what is d + 39d5?
39e3
In base 3, what is -110111220 + 22?
-110111121
In base 9, what is 1201 + 827?
2128
In base 15, what is -31b2 + 2b?
-3186
In base 10, what is 546 - -466?
1012
In base 8, what is -250764 - -1?
-250763
In base 3, what is 1112012022 - 10011?
1112002011
In base 6, what is -4 - -150422?
150414
In base 7, what is -463 - -2002?
1206
In base 12, what is -15 + -610?
-625
In base 9, what is 2 - -82132?
82134
In base 14, what is 4 + -3c6a?
-3c66
In base 16, what is 11 - 11e?
-10d
In base 14, what is -20869 + -2?
-2086b
In base 6, what is -4 - -21113332?
21113324
In base 16, what is 2 - bd3?
-bd1
In base 16, what is 4 - 46003?
-45fff
In base 7, what is -12553 + -112?
-12665
In base 5, what is -1321 - -20342?
14021
In base 11, what is -3 + 2459?
2456
In base 7, what is 22 - 11052?
-11030
In base 9, what is -1278 - -343?
-835
In base 11, what is 23 - -1454?
1477
In base 12, what is -1948 - 57?
-19a3
In base 16, what is 5cd + -d?
5c0
In base 6, what is 20 - 330213?
-330153
In base 5, what is 4130241 + 401?
4131142
In base 13, what is 4 + 975b8?
975bc
In base 13, what is -6a36 - 3?
-6a39
In base 6, what is -5353 + -1330?
-11123
In base 15, what is -17b8 - 4?
-17bc
In base 14, what is -4aa37 - -1?
-4aa36
In base 11, what is -6134 + 13?
-6121
In base 6, what is 15021 - -15?
15040
In base 11, what is -300 + -782?
-a82
In base 13, what is -38 + -4c35?
-4c70
In base 14, what is -2d39 - -4?
-2d35
In base 12, what is -36 - -2479?
2443
In base 11, what is 369 + -10?
359
In base 8, what is 525 + -2314?
-1567
In base 4, what is 1033 - 3313?
-2220
In base 11, what is -8374 + aa?
-8275
In base 6, what is -55 + 5432?
5333
In base 3, what is 11 + 112120220221?
112120221002
In base 5, what is -200 + -2202?
-2402
In base 9, what is -7658 + -8?
-7667
In base 5, what is 3 - 33432232?
-33432224
In base 13, what is -1 + -732a?
-732b
In base 12, what is 619 - -819?
1236
In base 2, what is -100101 + -10110101110?
-10111010011
In base 8, what is -5 + 5125?
5120
In base 13, what is -1 + -6b985?
-6b986
In base 15, what is -c70ec - -1?
-c70eb
In base 13, what is 196 + 125?
2bb
In base 12, what is 1a49 - 67?
19a2
In base 8, what is 4216 - 510?
3506
In base 9, what is 1317746 + 0?
1317746
In base 6, what is -10335 + 52?
-10243
In base 10, what is -51871 - -1?
-51870
In base 3, what is 10122021 + -11?
10122010
In base 2, what is 1 + -101010010011111?
-101010010011110
In base 15, what is -286 - 166?
-3ec
In base 8, what is -2 - 46166?
-46170
In base 12, what is -616 - 3a?
-654
In base 11, what is 3181 + -88?
30a4
In base 10, what is -317055 + 0?
-317055
In base 13, what is 1 + -273b18?
-273b17
In base 7, what is -2355 - -15421?
13033
In base 15, what is -b2d + -35?
-b63
In base 14, what is -a73a5 + 3?
-a73a2
In base 3, what is 20210211 - -222?
20211210
In base 2, what is 1010001010000001011 + -10?
1010001010000001001
In base 10, what is 22 + -92822?
-92800
In base 5, what is -3112301 + -1?
-3112302
In base 16, what is -72 - -3b?
-37
In base 14, what is 28356 - 5?
28351
In base 11, what is -4 - -41970?
41967
In base 15, what is 1471 + 3?
1474
In base 15, what is a + -679?
-66e
In base 16, what is -252d - -4?
-2529
In base 16, what is -78a + -1?
-78b
In base 13, what is 1bab8c + 1?
1bab90
In base 4, what is 21112 + 12123?
33301
In base 11, what is 1 + 1aa7?
1aa8
In base 3, what is 10 - 1020001122201?
-1020001122121
In base 12, what is 2 + 27bb34?
27bb36
In base 5, what is -422424 + -1?
-422430
In base 11, what is 3 + -6341?
-6339
In base 14, what is -5 - -2ccdc?
2ccd7
In base 4, what is 213231 + -200223?
13002
In base 14, what is -199 - 6c?
-227
In base 14, what is -2 - -30a9a?
30a98
In base 2, what is 10 - 100001010110010?
-100001010110000
In base 8, what is 0 + -4404425?
-4404425
In base 13, what is -45a7 - 3?
-45aa
In base 9, what is -126 + 5324?
5187
In base 11, what is -1 - 8709?
-870a
In base 13, what is 0 - 49200?
-49200
In base 14, what is -4 - -107ba?
107b6
In base 2, what is -1000100010111000 + -101?
-1000100010111101
In base 13, what is 231aa + 0?
231aa
In base 14, what is 5c60b - 4?
5c607
In base 16, what is -30001 - 1?
-30002
In base 5, what is -21 + -31114?
-31140
In base 12, what is -392 - -156?
-238
In base 10, what is -407246 - 3?
-407249
In base 16, what is -c3 - -2c?
-97
In base 3, what is -202 - 202221101?
-202222010
In base 10, what is -2 - -355054?
355052
In base 10, what is 28 - 5959?
-5931
In base 4, what is 33032221 - -11?
33032232
In base 5,